 -l = s + 3*k, -s - 4*s + 34 = -k. Calculate r(s).
11
Let z(g) = -g**2 + 4*g - 3. Let h = -7 + 20. Let m = h - 7. Let y = m - 3. Determine z(y).
0
Let a(h) = 2*h**3 - 14*h**2 + 13*h - 17. Suppose -175*k = -180*k + 10, 4 = c - k. What is a(c)?
-11
Let o(u) be the second derivative of u**5/20 - u**4/4 - 5*u**3/6 + 2*u**2 + 8*u. Let t = -24 - -15. Let s be (-42)/t - 4/6. Give o(s).
0
Suppose -2*x + b + 5 = 0, x - 2*b - 15 = b. Let a(w) = -w - 1. Determine a(x).
-1
Let r(u) = -1. Let i(m) = -3*m - 9. Let z(n) = i(n) + 3*r(n). What is z(-6)?
6
Let h(r) = -5*r + 31. Let a be h(6). Let k(x) = x. Let f(z) = -z. Let b(c) = a*k(c) - f(c). Determine b(-3).
-6
Let t = -2 + 3. Let k = t - -2. Let z(x) = 0 + x**2 - 3 - k + 4. Calculate z(0).
-2
Let o(z) = -z**3 - 6*z**2 - 5*z - 3. Let j(n) = -n + 5. Suppose -5*i - 2*d + 58 = 0, -2*i + 4*d = 2*d - 12. Let p be j(i). Give o(p).
-3
Suppose 4*y = -3*l - 2*l - 17, -4*y + 2*l = 10. Let a = -16 + 17. Let z(j) = 5*j - a - 6*j - 2 + 2*j. Give z(y).
-6
Let f be (-105)/6*-1*(-30)/25. Let u(p) = p**3 + 22*p**2 + 21*p - 18. Give u(f).
-18
Let h(y) = 74*y + 378. Let d be h(-5). Let m(w) = 4 - 2*w + 8 - 1. What is m(d)?
-5
Let c(o) be the third derivative of -o**5/120 - o**4/8 + 11*o**3/6 - 5*o**2. Let x(g) be the first derivative of c(g). What is x(-3)?
0
Let n(a) = -a + 1. Let f(l) = l**3 - 3*l**2 - 6*l + 2. Let r(g) = -f(g) + 5*n(g). Suppose 7*v - 9*v - 24 = 0. Let u be (v/15 - -2)/((-4)/(-10)). Give r(u).
6
Let p(z) = z**2 - z - 3. Let g be p(3). Let o(w) = -6*w**2 - 14*w - 54. Let y(k) = 2*k**2 + 5*k + 19. Let m(l) = -6*o(l) - 17*y(l). Determine m(g).
16
Suppose 70*a = 73*a - 9. Let h(z) = -z**2 + 3*z - 4. Give h(a).
-4
Let b(h) = 10 + 2*h - h**3 - 5*h**3 - 3*h + 0 - 9. Calculate b(1).
-6
Suppose -5*b + 7*b + 4*p + 12 = 0, 4*p + 44 = -4*b. Let f(x) = x + 21. Give f(b).
5
Let p(g) be the first derivative of -5*g + 1/2*g**2 - 11. Determine p(6).
1
Let f(i) = i**2 - 7*i + 6. Let b(m) = -m**3 + 3*m**2 + 7*m - 7. Let k = 20 + -16. Let a be b(k). Calculate f(a).
-4
Let q(p) be the first derivative of 2*p**2 + 15 + 2*p - 1/3*p**3. Determine q(4).
2
Let l(p) = 10*p**2 - p - 1. Let v(d) be the first derivative of -19*d**3/3 + 3*d**2/2 + d + 13. Let n(m) = -5*l(m) - 3*v(m). What is n(2)?
22
Let o be (-3)/6*-3*2. Suppose i = 4*i + o. Let h(w) = -13*w - 8. Let v(u) = -17*u - 10. Let j(c) = -4*h(c) + 3*v(c). Give j(i).
1
Let c(n) = 6 + 7*n**2 - 20 + 1 + 5 - n**3. Give c(7).
-8
Let v(c) be the second derivative of 0 + 2/3*c**3 - 1/2*c**2 - 27*c. Determine v(3).
11
Let p(n) = -14*n - 23. Let m(i) = -2*i - 2. Let k(y) = 6*m(y) - p(y). What is k(-9)?
-7
Let f = -4 - -9. Let i(a) = -6*a**2 + 0*a + 3*a + 3*a**2 - 2*a**2 + 1 + a**3. Calculate i(f).
16
Let b(z) = 2*z + 3. Let x(g) = 6*g - 8. Let y(i) = -5*b(i) + x(i). Determine y(-5).
-3
Let s(w) be the third derivative of w**4/4 - 19*w**3/6 - 709*w**2. Determine s(4).
5
Suppose 10*s = 12 + 8. Let x be (-1)/(1 - 12/9). Let t(y) = -y - y - x - y**2 + 4. Give t(s).
-7
Let a(h) = -h + 0*h**2 + 129 - 125 + h**3 + h**2. Determine a(2).
14
Let y(g) = 7*g + 17. Let f(h) = -16 + 15 + 9 + 3*h. Let p(i) = 13*f(i) - 6*y(i). Calculate p(-5).
17
Suppose 9*q - 30 = 4*q. Let j be ((-9)/q)/(1/(-2)). Let z(w) = 2*w - 5*w + 4*w - 2*w - j. Determine z(-3).
0
Let c(p) = p**2 + 6*p + 1. Let j(l) = l**2 - l + 4. Let g be j(0). Let t be 38/8 - 3/g. Suppose 4*a + 28 = 2*f, 0 = -t*a + 2*a - 2*f - 8. What is c(a)?
1
Let k = 1638 + -3267/2. Let d(g) be the second derivative of 9*g - k*g**2 + 1/6*g**3 + 0. What is d(6)?
-3
Let i(s) = 5*s**3 + 11*s**2 + 3*s - 6. Let q(f) = -6*f**3 - 12*f**2 - 4*f + 7. Let n(w) = -5*i(w) - 4*q(w). Suppose 22*b + 185 - 31 = 0. Give n(b).
-5
Suppose -147 = 4*y - 7*y. Suppose 0 = -3*u - 4 + y. Let c = 11 - u. Let k(z) = -z**2 - 2*z + 2. Calculate k(c).
-6
Let k be -7 + (3 - 3) - -3. Suppose -4*u = -u - 6. Let b(j) = 2*j + 5 - 3*j - 2*j**2 - u*j. Determine b(k).
-15
Suppose -4*m + 15 = i, -4*i = 3*m - 19 - 2. Suppose 6 = 3*r, b = 3*r - 7 + 4. Let j(f) = -b + 0*f - f + 7. Give j(m).
1
Let b(i) = -3*i - i**2 - 4 - 3 + 2*i - 6 - 8*i. Determine b(-7).
1
Let b(w) be the third derivative of -w**4/24 + w**3/3 - 6*w**2. Let v(z) = z**3 + 2*z**2 - z + 3. Let i be (-2 - 1) + 0 + 0. Let o be v(i). Give b(o).
5
Let q(j) = 7*j + j + 5*j - 12*j. Let b be 1/1*0/2. Let x = b - 6. What is q(x)?
-6
Let o(j) = j - 3. Let u(z) = z + 6 - 2*z + 1 - 3. Let c(g) = -7*o(g) - 5*u(g). Calculate c(-1).
3
Let y(q) = q - 6. Let z be (-6)/(-4)*(-8)/(-3). Suppose -30 = -10*j + z*j. Calculate y(j).
-1
Suppose -7*l + 3*l = -16. Suppose -s - l = -4*p + 2, 3*s = 2*p - 8. Let x(d) = -d**2 + 1. Let f(b) = -9*b**2 + 2. Let n(c) = -f(c) + 2*x(c). Determine n(p).
7
Let g(v) be the first derivative of -9 - 1/3*v**3 + 4*v + 5/2*v**2. Let u(d) = -d**3 + 4*d**2 + 7*d - 5. Let p be u(5). What is g(p)?
4
Let b(k) = -k**2 + 6*k - 2. Let n be b(6). Let d(s) = -s**3 + 7*s**2 - 6*s + 6. Let t be d(6). Let c(w) = -3*w + 0 - 1 - 2*w + t*w. What is c(n)?
-3
Let w(t) = -3*t**2 + t - 1. Let x(h) = -h**3 + 14*h**2 - 2*h + 8. Let n(k) = 6*w(k) + x(k). Calculate n(-4).
-14
Let x(i) = -i**2 + 6. Let m be (-8 + (-246)/(-30))*0. Determine x(m).
6
Let z(a) = -a**2 + a - 1. Let p(b) = 2*b**2 - b + 5. Let v(c) = p(c) + 3*z(c). Let s be v(4). Let x(m) = 3*m - m + 8 + 0*m. Calculate x(s).
-4
Let k(g) = -2*g**2 - 8*g - 6. Let b be k(0). Let m(r) = 4*r**3 - 18*r**2 - 4*r + 31. Let f(q) = -q**3 + 6*q**2 + q - 10. Let d(n) = -7*f(n) - 2*m(n). Give d(b).
2
Let h(s) = -s**3 + 5*s**2 + 7*s - 3. Let i(v) = v**3 + 19*v**2 + 19*v + 24. Let k be i(-18). Let a be h(k). Let f(c) = -a + c - 1 + 0 + 2. Determine f(-2).
-4
Let w be (-3)/((27/(-6))/3). Suppose w = d - 0. Let r(c) = -d + c + c**2 + 0*c - c. Calculate r(-2).
2
Let h(i) be the second derivative of i**6/360 + i**5/60 - i**4/6 - 13*i**3/6 - 6*i. Let g(f) be the second derivative of h(f). What is g(-5)?
11
Let f(m) = 12*m + 43. Let v be f(-4). Let w(i) = -2*i**2 - 11*i - 2. What is w(v)?
3
Let n(b) = 15*b + 91. Let u be n(-5). Let i(v) = -v**3 + 17*v**2 - 15*v - 16. Determine i(u).
0
Let s(m) = -2*m**2 + 7*m - 5. Let q be (2 - (4 + 104)) + 2. Let v = -100 - q. Give s(v).
-9
Let j(h) = h - 26. Suppose 4*v + 3*l + 39 - 99 = 0, 0 = -2*l - 8. What is j(v)?
-8
Let k(v) be the second derivative of -v**3/6 - 5*v**2/2 - 210*v. Determine k(-4).
-1
Let g(p) = p**2 + 5*p. Let b(c) = c**2 + 12*c + 22. Let z be b(-6). Let m be -7*6*(-2)/z. Give g(m).
6
Let y(p) = -11*p**3 - 5*p**2 - 11*p - 39. Let l = -7 - -15. Let j(k) = -4*k**3 - 2*k**2 - 4*k - 13. Let g(m) = l*j(m) - 3*y(m). Determine g(0).
13
Let s = 69 - 62. Let d(u) = u + 1. Let x(b) = -3*b - 10. Let q(y) = -4*d(y) - x(y). Determine q(s).
-1
Suppose 30 = 4*l - g - 120, 5*l = -g + 192. Let w(t) = -1 + 3*t - 37*t**2 + l*t**2 - 4. Suppose -3*v + 2*u - 17 = 0, -v + 1 = -u + 7. Give w(v).
5
Let j be 24/(-4) + (-3 - -5). Let h be (4 - -1)*(-4)/j. Suppose -h*i + 2 + 3 = 0. Let x(f) = -17*f - 1. Give x(i).
-18
Let d = -35 - -42. Let t(m) = -m - 1 + 5 - d. Give t(4).
-7
Let a(v) = v**2 - v - 3. Let d(i) = -2*i**2 + 61*i - 89. Let s be d(29). Give a(s).
3
Let v(n) = -3*n**2 - 10*n + 11. Let g(x) = -4*x**2 - 15*x + 16. Let k(p) = -5*g(p) + 7*v(p). Suppose -5*r + 40 = -0. Suppose 0 = j - r + 2. What is k(j)?
-9
Let d(q) = -q**2 - q + 5. Suppose 6379 - 6375 = 2*y. What is d(y)?
-1
Let t(p) = -204*p**2 + 5*p + 404*p**2 - 201*p**2 - 7. Determine t(3).
-1
Let p = -44 - -80. Suppose 0 = 7*q - q - p. Let a(r) = -r**3 + 7*r**2 - 4*r - 7. Calculate a(q).
5
Suppose -2*p = -5*y - 43, 2 - 5 = y. Let b be (-8)/(-2) + -2*19/2. Let m = p + b. Let o(z) = 4*z**3 - 2*z**2 - z. Give o(m).
-5
Let n be (-13)/(-3) + 3/27*-3. Let b(g) be the first derivative of g**5/20 - g**4/3 + g**2 - 6*g - 1. Let t(x) be the first derivative of b(x). Determine t(n).
2
Let f(l) = l. Let k be (15/9)/((-179)/45 + 4). Let z = 66 - k. Calculate f(z).
-9
Let m(l) = -4*l**3 - 15*l**2 + 16*l + 16. Let h(c) = 5*c**3 + 16*c**2 - 16*c - 16. Let t(o) = -3*h(o) - 4*m(o). Calculate t(-13).
23
Let d(z) = z**3 + 11*z**2 - 11*z + 10. Let n(p) = 2*p**3 + 12*p**2 - 12*p + 12. Let w(u) = 3*d(u) - 2*n(u). What is w(8)?
-2
Let s(o) = 2*o - 2. Suppose 3*c = -3*n + 24, 2*n - 10 = -c + 4. Suppose 7 = -5*q + 4*l + 1, -4*q + 2*l = n. 